d s?
10
Let p = 20 + -14. Suppose k = 4*k - p. Suppose 126 = b + k*b. Calculate the greatest common divisor of b and 14.
14
Let g be ((-6)/(-4))/(1/(-2)). Let x be 2 - (2 + -2) - g. Let o = 6 + -4. What is the highest common divisor of o and x?
1
Suppose 3*v = 3*b - 90, -4*b + 2*v = 54 - 170. Calculate the greatest common divisor of b and 112.
28
Let b = 3 - 1. Let d be (0 - -12)*9/b. Calculate the highest common factor of 18 and d.
18
Suppose 4*b + 13 + 11 = 0. Let o = 0 - b. Suppose 0 = 4*n - 5*y - 29, 6*n = n + 3*y + 33. Calculate the highest common factor of n and o.
6
Suppose 0*k = -k + 4*v + 6, -5*k = 2*v - 30. Let w(g) = g**3 - 2*g**2 + g - 6. Let i be w(k). Calculate the highest common divisor of 18 and i.
18
Let n = -26 - -54. What is the greatest common divisor of 56 and n?
28
Let c = -19 - -39. Let p be ((-14)/5)/((-4)/c). Calculate the greatest common factor of p and 7.
7
Suppose -2*o = -3*o - v - 45, 5*o + 223 = -4*v. Let p = o - -81. Calculate the greatest common divisor of p and 19.
19
Let m be 12 - ((-1)/2 - (-5)/(-2)). Calculate the highest common divisor of 105 and m.
15
Let u = 10 + -6. Suppose -5*m + u*c = -4, -1 = -m - 2*c - 3. Suppose m*r - r - 3*a = -45, -r + a = -29. What is the highest common factor of r and 11?
11
Suppose 3*w - 2*a = -46, -2*w + 52 = -4*w - 4*a. Let s be 1058/w - (-8)/(-36). Let c = 109 + s. What is the highest common factor of c and 20?
10
Let m = -35 - -45. Calculate the greatest common divisor of 15 and m.
5
Let g(r) = -21*r - 1. Let a be g(-1). Calculate the greatest common factor of 80 and a.
20
Let p(i) = 11*i + 2 - 16*i - 14*i. Let g be p(-2). Suppose 0 = -0*y + 3*y - 30. What is the highest common factor of y and g?
10
Suppose -42 - 21 = -3*s. Calculate the greatest common factor of s and 63.
21
Let b = -16 + 25. Let l = 15 - b. Calculate the greatest common factor of 15 and l.
3
Let n be (-7)/(-1) - 2 - 0. Suppose 0 = i + 1 + n. Let v be (-9)/i*(-32)/(-6). Calculate the greatest common divisor of 16 and v.
8
Let w(u) = -9*u - 7. Let a(z) = 6*z + 5. Let j(x) = 7*a(x) + 5*w(x). Let b be j(-1). Calculate the highest common factor of b and 27.
3
Suppose -2*b + 36 = -60. What is the greatest common factor of 6 and b?
6
Suppose -4*l = -3 + 7. Let t be l/((-1)/2*-2). Let r be (t*4)/(3/(-9)). Calculate the highest common divisor of r and 4.
4
Suppose -5*i + 726 = 3*f, -11*f = 2*i - 6*f - 279. Calculate the greatest common factor of 21 and i.
21
Let k be 108/26 - 8/52. Suppose 0 = 4*j - 74 - 90. Suppose 0 = -k*z - j + 257. Calculate the highest common factor of z and 6.
6
Let d(v) = -v**3 - 10*v**2 + v + 11. Let i be d(-10). Let y = 4 - i. Let r = -2 + 3. What is the greatest common factor of r and y?
1
Let f be ((-5)/2)/((-3)/48). Let k = -57 - -117. Calculate the highest common divisor of f and k.
20
Suppose -58 - 152 = -5*m. Let u(d) = 2*d - 5. Let s be u(5). Suppose -2*p = -s*p + 189. Calculate the greatest common divisor of m and p.
21
Let y = 27 + -10. Let o = 199 - 46. Suppose -3*j + 0*j + o = 0. What is the greatest common divisor of y and j?
17
Suppose -64 = -4*m - 2*r, 3*r = -0*r + 6. Let k be (1 - -5)/(3 - 1). Calculate the highest common factor of m and k.
3
Suppose -2*b = -5*b - 3. Let s be 2/((1 - b)/12). Calculate the greatest common divisor of s and 8.
4
Let i(l) = -3*l**2 + 6*l + 1. Let g be i(5). Let b be (g/6)/(7/(-63)). Calculate the highest common factor of 6 and b.
6
Let m = 23 + -17. Let t be 3/(-9) - 326/(-6). Calculate the highest common factor of m and t.
6
Let w = 42 - 39. Calculate the greatest common divisor of w and 15.
3
Let t be 5/2*3/(-3)*-26. Let h(s) = s**2 + 3*s - 4. Let x be h(-6). Let j = x - 1. What is the greatest common factor of t and j?
13
Let j(k) = -5*k**3 - 2*k**2 - 2*k. Let w be j(-2). Calculate the highest common factor of 288 and w.
36
Suppose 1 = -2*k - 3. Let u(p) = -3*p**3 - p**2 - 4. Let y be u(k). Suppose -z + 3*g = -16, 48 = 3*z - g - g. Calculate the highest common factor of z and y.
16
Suppose -4*i = 3*u - 51, -9 = i - 2*i - 2*u. What is the greatest common factor of i and 35?
5
Let o(n) = n**3 + 4*n**2 - n + 1. Let r be o(-4). Suppose 1 = -g + 2*g, -3*k + 73 = -2*g. Calculate the highest common divisor of k and r.
5
Let y = -12 - -25. Suppose 2*r + 32 = -0*v + 2*v, -3*r + 30 = 3*v. Calculate the greatest common factor of y and v.
13
Let a = 121 + -57. Calculate the greatest common divisor of 160 and a.
32
Let y be (20/6)/(6/9). Let f be ((-7)/(-2))/((-2)/(-4)). Let j = f - y. Calculate the highest common divisor of j and 16.
2
Let q = -23 - -28. Calculate the highest common divisor of 25 and q.
5
Suppose 5*a - 42 - 123 = 0. Suppose 0 = 3*k - 5*t - 139, 4*k + 0*t - 132 = -4*t. Let z = k + -16. What is the highest common divisor of z and a?
11
Let f(g) = -g**3 + 5*g**2. Let t be f(5). Suppose 2*n = -3*m + 2*m + 58, -3*n - 4*m + 77 = t. Let w be 4/6 + n/3. What is the highest common factor of w and 77?
11
Suppose -2*h + 25 - 5 = 0. What is the highest common factor of h and 70?
10
Suppose 0 = s - 3*o - 7, -5*s - o - 17 = -84. What is the highest common factor of s and 104?
13
Let b(j) = j**3 + 7*j**2 - 11*j + 7. Let c be b(-9). Let y = -39 - c. Let x = -212 + 399. What is the greatest common factor of y and x?
17
Suppose 2*q = 4*a - 3*q - 32, q - 16 = -2*a. What is the greatest common factor of 1 and a?
1
Let f = -3 + 45. What is the highest common divisor of f and 6?
6
Suppose 5 + 0 = m, 0 = 3*d - 5*m + 13. Suppose d*v = -4*n + 50 + 2, 2*n + v = 29. What is the greatest common divisor of n and 2?
2
Let s be (-12)/16 - (-2)/(-8). Let d = 3 + s. What is the highest common divisor of d and 16?
2
Let u = 71 - -57. Let n be u*(44/16 + -2). Calculate the highest common factor of n and 24.
24
Let o = 9 - -2. What is the greatest common factor of 121 and o?
11
Suppose 3*w + 160 = 5*w. Calculate the greatest common factor of w and 20.
20
Let n be (2/5)/((-12)/(-3120)). Calculate the highest common divisor of 26 and n.
26
Let f(a) = -15*a + 2. Suppose 0 = 3*r + 3*h + 27, -2*h = -2*r + 1 - 3. Let o be f(r). Calculate the highest common divisor of 11 and o.
11
Let s = -150 + 321. What is the greatest common factor of s and 19?
19
Let h be (-13)/(-4) - (-4)/(-16). Let q(p) = p**3 - 2*p**2 + 3*p - 3. Let a be q(h). What is the highest common divisor of a and 30?
15
Let i = 6 + 22. Suppose -8*z = -9*z + 112. Calculate the greatest common divisor of z and i.
28
Let o(m) be the third derivative of m**5/20 + m**4/24 + m**3/6 + 2*m**2. Let c = 2 + -3. Let g be o(c). Calculate the highest common factor of g and 9.
3
Let z = 8 + -4. Calculate the greatest common factor of 8 and z.
4
Let p(t) be the first derivative of t**2 - 3*t - 2 + 0*t**2 - 6*t**2 + 5*t. Let n be p(-7). What is the highest common divisor of 18 and n?
18
Let c = 1 - 7. Let u be 6*-2*4/c. Let l be (2 + 2)/(2/u). Calculate the greatest common factor of l and 24.
8
Suppose 2*p - 4 = p. What is the highest common divisor of 1 and p?
1
Suppose -4*u - 7 + 15 = 2*t, 0 = -5*u + 2*t + 28. Let p = u + -2. Let k be (0 - -6)/(3/p). Calculate the greatest common divisor of k and 20.
4
Suppose 5*r = 3*r + 3*d + 18, -d - 4 = 0. Suppose -4*b = -r*w + 97, 3*b - 146 = -0*w - 4*w. What is the greatest common divisor of w and 7?
7
Suppose -4*u + 20 = -0*u. What is the greatest common factor of u and 40?
5
Suppose 4*c = 4*t - c - 199, -3*c = -2*t + 97. What is the greatest common factor of t and 24?
8
Suppose 15*a - 10*a - 1210 = 0. Calculate the greatest common factor of a and 22.
22
Let u(n) = n + 5. Let y be u(12). What is the highest common divisor of 153 and y?
17
Let p be (-2)/(-4) + (-23)/(-2). Let t = 129 + -45. What is the greatest common divisor of t and p?
12
Let u(f) = -f**3 - 7*f**2 + 4*f - 10. Let g be u(-8). Calculate the greatest common divisor of g and 2.
2
Let f be -2*66*(-23)/46. What is the highest common divisor of f and 12?
6
Let u be ((-2)/(-6))/(4/36). Suppose u = a - 8. Calculate the highest common divisor of a and 33.
11
Let j(t) = 2*t**2 - 55*t - 17. Let l be j(28). What is the greatest common factor of 1 and l?
1
Let d = -179 + 184. Let q(h) = h**3 - 5*h**2 + 7*h - 5. Let u be q(5). Calculate the highest common factor of u and d.
5
Let m = -7 - -3. Let n be 50/4 + 2/m. Let k be (2 + 22)